te p(-2).
-10
Let b(m) = 13*m**2 - 3. Let f(a) = 1 + 2 - 2 + 0. Suppose 5*n - 14 = 6. Let o(l) = n*f(l) + b(l). Give o(-1).
14
Let x(a) = 2*a**2 - 10*a + 8. Suppose -5*y + 45 = 5*l, -5*l - 11 = 2*y - 5*y. Suppose -y*p = -4*p - 18. Determine x(p).
20
Suppose 5*i - 4*v - 275 + 230 = 0, -2*i - 2*v = 0. Let u(m) = m**2 - 6*m + 1. Give u(i).
-4
Let x(j) = -j**3 + 4*j**2 + 3*j - 2. Let p = 270 + -265. Calculate x(p).
-12
Suppose -33 - 62 = -5*z - 5*u, 15 = 3*u. Let d be (-15)/(-35) - 3 - 6/z. Let b(o) = -o**2 - 2*o - 2. Determine b(d).
-5
Let p(h) = 2*h + 1. Let x be 6/4 + (-66)/12. Let c be (-6)/(-12) - 2/x. Let q be c/(-1 + 4/8). Calculate p(q).
-3
Let q(t) = -t + 51 + 3 - 47. Let c(m) = m**3 + 4*m**2 + m - 1. Let o = -8 + 5. Let b be c(o). What is q(b)?
2
Let f(k) = 3*k**3 + 1 + 4*k**3 + 2*k + 5 - 7. Let n = 225 - 224. What is f(n)?
8
Let q be 9/(-2) - 55/(-22). Let m(n) = -4*n**2 + 4. Calculate m(q).
-12
Let h(g) = 1 + g**2 + g - g**2 + g**2. Let m = 36 - 33. Suppose m*t + 2*t = 0. Calculate h(t).
1
Suppose 0 + 3 = 3*r, 5*t - r = -21. Let x(f) = 4*f + 7. Let m(b) = b + 2. Let o(y) = t*x(y) + 11*m(y). What is o(-4)?
14
Let j(z) be the first derivative of -z**5/60 - 5*z**4/24 - z**3/2 + 8*z**2 + 44. Let n(g) be the second derivative of j(g). What is n(-5)?
-3
Let h(k) = -k**3 - 8*k**2 + k + 3. Let n be 26/(-52) - (-2 - (-38)/4). Determine h(n).
-5
Suppose 3*v - 3*y = 12, -4*v + 5*y = 3*y - 16. Let n(x) = -4*x**3 - v*x - x**2 + 3*x + x**3 + 0*x**3. Let l be ((-8)/16)/((-2)/(-4)). What is n(l)?
3
Let n(c) = 2*c**2 - 9*c + 10. Let m(i) = 5*i**2 - 26*i + 28. Let g(o) = -3*m(o) + 8*n(o). Give g(-7).
3
Let w(f) = -2*f**2 + 8*f - 3. Suppose -10 = -21*o + 95. Give w(o).
-13
Let p(s) be the first derivative of 1/4*s**4 + 0*s**3 + 1/2*s**2 + 3*s + 10. Calculate p(0).
3
Suppose 3 = -5*x + 13. Let r(f) = f + 2. Suppose 0 = 2*y + 4*k + 12 + 4, -4*y + 2*k = 2. Let n(m) = -m. Let g(z) = y*n(z) - r(z). Determine g(x).
0
Let g(t) = -t**3 + 6*t**2 + 4*t - 9. Let f(s) = s**2 - 26*s + 171. Let q be f(15). Determine g(q).
15
Suppose -7 = -3*y + 2. Let d(x) = 6 - 7 - 2*x**2 + 0*x**y + 0*x**3 - x**3. Give d(-3).
8
Let z = -35 + -20. Let j = z - -49. Let n(v) = v**3 + 7*v**2 + 5*v + 1. Give n(j).
7
Let q(r) be the third derivative of 6*r**2 - 1/24*r**4 - 1/6*r**3 + 1/60*r**5 + 0*r + 0. What is q(1)?
-1
Let o(g) = 18*g - 1. Let t(w) = -22*w + 1. Let q(f) = 5*o(f) + 4*t(f). Give q(8).
15
Suppose 2*g - 18 = 12. Let t(j) = -2 + 3 - g*j**2 + 19*j**2 - j. Let r(m) = -m**2 + m. Let b(x) = 3*r(x) + t(x). Calculate b(-4).
9
Let v(l) = 6*l + 32. Let o(x) = 5*x + 29. Let a(b) = -5*o(b) + 4*v(b). What is a(-12)?
-5
Let q(n) be the third derivative of n**6/120 - n**5/15 + n**3/6 + 66*n**2. Calculate q(3).
-8
Let x(u) be the first derivative of u**3/6 - 6*u**2 + 12*u - 1. Let w(i) be the first derivative of x(i). Determine w(6).
-6
Let r(c) = c**3 + 6*c**2 + 4*c + 1. Suppose 69 = -4*p - 3*v, 3*p = 4*p + 3*v + 24. Let t = 12 + p. Let s be t/(-2)*(-10)/3. What is r(s)?
6
Let b(g) be the first derivative of -2*g**3/3 + 3*g**2/2 - 4*g + 3. Let k(m) = 23*m + 325. Let r be k(-14). Determine b(r).
-13
Let t(b) = -b**3 - 6*b**2 + 6*b - 5. Let s be t(-7). Let z(c) = 5*c + 1 - 7*c**3 - 2*c**2 - 3*c**s + 8*c**3 - 5. Give z(4).
0
Suppose -20 = -4*s - o, 0 = -3*s - s + o + 20. Let w = 2 + -1. Let c(y) = -w + 4*y + 2 + 8*y**3 + 4*y**2 - 9*y**3. Calculate c(s).
-4
Let x(o) = o**2 - 1. Let l = 38 - 39. Calculate x(l).
0
Suppose 0 = -n - 5, 2*h - 3*h - 91 = -3*n. Let c = h + 99. Let q(j) = -j**3 - 7*j**2 + 4. Calculate q(c).
4
Let p(i) = -i**3 - 3*i**2 - 2*i - 4. Let k be p(-3). Let r be 1 - (-4 - (k - 1)). Let z(b) = -16*b - 3 + 6 - 9 + 9*b + 8*b. What is z(r)?
0
Let x(c) be the second derivative of -c**6/720 + c**5/40 + c**4/4 + 4*c. Let s(m) be the third derivative of x(m). Suppose -26*k = -23*k + 15. Determine s(k).
8
Let c(x) = -8 - 379*x**2 - x**3 + 6*x - 10*x + 376*x**2. Calculate c(-3).
4
Let m(x) = x**2 - 11. Let r be ((-42)/9 + 3)*(-10 - -13). Give m(r).
14
Let f(p) be the first derivative of -p**4/4 + 5*p**3/3 - 3*p**2/2 + 6*p + 21. Give f(4).
10
Let z(t) = -3*t + 9 + 3 + 12. Give z(5).
9
Let q(f) be the third derivative of f**4/6 - f**3/3 - 156*f**2. What is q(-7)?
-30
Let w(v) = 29 + 15*v**2 - 13 - 7 - 9. Determine w(1).
15
Suppose -3*o = 5 + 7. Let v(g) = 4 - 2 - 5*g**3 - 4*g**2 + 5*g + 3*g**2 + 4. Let x(n) = -4*n**3 - n**2 + 4*n + 5. Let f(h) = o*x(h) + 3*v(h). What is f(-2)?
-4
Let h(r) = 1167 - r**3 + 5*r - r - 582 - 6*r**2 - 581. Give h(-5).
-41
Let l(v) be the second derivative of -1/2*v**2 + 0 - 1/12*v**4 - v + 11/20*v**5 + 1/6*v**3. What is l(1)?
10
Let c be ((-8)/24)/((-10)/9 + 1). Let n(y) = 8 - y - c - 1. Give n(8).
-4
Let z(t) = 4*t**2 + 13 - 3 + 14*t - 21*t**2 + 18*t**2. Give z(-13).
-3
Let r(q) = -33*q**2 + 56*q + 8. Let b(o) = o**3 + 3*o**2 - 1. Let i(f) = -b(f) - r(f). Calculate i(28).
-7
Let w(p) = -5*p**3 + 11*p**2 + 10*p - 55. Let n(r) = r**3 - 3*r**2 - 2*r + 14. Let d(q) = 9*n(q) + 2*w(q). What is d(-5)?
6
Suppose -5*g + r = -13, 3*g = -5*r + 16 + 3. Suppose -g = 3*s + 3*w, 0 = s - w + 4 - 11. Let u(h) = -h**2 - 2. What is u(s)?
-11
Let b(h) = -4*h. Suppose 4*x = 4*k + 25 - 5, 1 = -3*x - k. What is b(x)?
-4
Let n be (36/(-24))/(18/(-16))*3. Let r be -3 + -1 + (1 - 0). Let f = r + n. Let d(j) = -3*j**3 - j + 1. Calculate d(f).
-3
Let i(t) be the second derivative of t**5/20 - t**4/12 - t**3/6 + 3*t**2/2 - 5*t + 15. Suppose 3*l = l - 4*d, 0 = l - 2*d. Determine i(l).
3
Let a(h) be the second derivative of h**3/6 + 5*h - 109. Suppose -2*w = 3*o - 28, 4*o + 5*w - 29 = 4*w. Give a(o).
6
Let m be -1 - -4 - (-3 - -5). Let u(w) = -8*w**3 + 2*w**2 - 1. What is u(m)?
-7
Let q(b) be the second derivative of -b**5/4 + b**4/6 + b**3/6 + 695*b. What is q(-1)?
6
Let b(w) = 6*w**3 - 4*w**2 - 4*w - 4. Let o(n) = -n**2 - n - 1. Suppose -r = r - 2. Let g(y) = r*b(y) - 3*o(y). Let m be (-8)/12*9/6. Give g(m).
-7
Suppose 34*t + 11*t + 270 = 0. Let u(g) = g**2 + 2*g - 6. Determine u(t).
18
Let v(m) = m**2 + 7*m - 9. Let z be v(-9). Let h(x) = x**2 - 11*x + 19. What is h(z)?
1
Let p(f) = 7*f**3 - 12*f**2 + 13. Let d(k) = -8*k**3 + 13*k**2 + k - 14. Let j(r) = -6*d(r) - 7*p(r). Let x be j(4). Let a(z) = 13*z**2 - z. Determine a(x).
12
Suppose 4*t - 12 = 4*l, 4*t + 0*t = -5*l + 48. Let z(h) = h**2 - 8*h + 7. What is z(t)?
0
Let g(w) = -w**2 + 3*w + 4. Let n(f) = f**2 + 10*f + 12. Let d be n(-9). Let h be g(d). Suppose -h*z + 10 = -2*z. Let i(j) = -j**2 + 4*j + 6. Calculate i(z).
1
Let t = 786 + -791. Let j(n) = -n - 11. Give j(t).
-6
Let l = 702 + -729. Let h(t) = -t - 33. Determine h(l).
-6
Let q(o) = o**2 - 15*o + 1. Let l = 87 + -72. Determine q(l).
1
Let k(b) = b - 3. Suppose -8*x = -7*x. Suppose i = -4*g - 4, x = -3*g - 2*i + 1 + 1. Let n be (1 + g)*(-13 + 6). Give k(n).
4
Suppose 4*k + 2*x = -22, 20*x - 16*x - 36 = 2*k. Let b(t) = 2*t - 12. Determine b(k).
-28
Let i(n) = 2363*n**2 - 2*n - 2364*n**2 + 0 + 1. What is i(-3)?
-2
Let a(w) = 2*w**2 + 2*w - 4. Let m(q) = -8*q - 27. Let f be 2 - ((-5)/5 - -6). Let o be m(f). Calculate a(o).
8
Let w(p) = -3*p**3 - 3*p**2 + 8*p - 3. Let f(x) = -x**3 + x**2 + x + 1. Let l(k) = -2*f(k) + w(k). Suppose -u + 3*u + 12 = 0. Calculate l(u).
-5
Let w(v) = -21*v + 7. Let f be w(-1). Let g = -7 - -20. Let c(h) = -g - h**2 - 19 + f. Give c(0).
-4
Let b(m) = m + 42. Let s be b(-35). Let c(d) = -d**3 + 7*d**2 + 7. Determine c(s).
7
Let a(l) = l**3 + 6*l**2 - 7*l + 5. Let w be a(-7). Let r(f) = -5 - 2 + 0 + 4*f + w. Give r(-4).
-18
Let d(q) = -4*q + 8. Let l = 429 - 423. What is d(l)?
-16
Suppose 3*k = 5*b + 4, -4*b = -5*k - 0*b + 11. Suppose 0 = -4*u + k + 9. Let l(s) = 6*s - 2. Calculate l(u).
16
Let o(b) be the second derivative of b**7/840 - b**6/60 + b**5/24 + b**4/8 - 13*b**3/6 - 28*b. Let h(s) be the second derivative of o(s). Determine h(5).
3
Let u be (6/9)/(12/90). Suppose 5*t = -u, 4*p + 17 - 1 = -4*t. Let w(m) = m**2 + 5*m + 4. Calculate w(p).
-2
Let m(x) be the third derivative of -x**6/120 - x**5/10 - x**4/24 + x**3/2 + 2*x**2 - x. Calculate m(-6).
9
Let g(n) = 32*n + 2. Let h(p) = -2*p**2 - 11*p - 11. Let b be h(-4). Calculate g(b).
34
Let x be ((-36)/(-24))/(9/(-66)). Let g(f) = -f**3 - 12*f**2 - 12*f - 10. Calculate g(x).
1
Let t(d) = -2*d